er when 37405 is divided by 37395.
10
Calculate the remainder when 4985 is divided by 1245.
5
Calculate the remainder when 3796 is divided by 2267.
1529
Calculate the remainder when 521043 is divided by 3277.
0
What is the remainder when 6304 is divided by 2656?
992
What is the remainder when 1482 is divided by 673?
136
Calculate the remainder when 22356 is divided by 213.
204
Calculate the remainder when 7041 is divided by 500.
41
Calculate the remainder when 40205 is divided by 201.
5
Calculate the remainder when 24542 is divided by 44.
34
Calculate the remainder when 44359 is divided by 541.
538
What is the remainder when 631115 is divided by 49?
44
Calculate the remainder when 38691 is divided by 133.
121
Calculate the remainder when 64468 is divided by 35.
33
What is the remainder when 5200 is divided by 29?
9
What is the remainder when 1699 is divided by 269?
85
What is the remainder when 17898 is divided by 475?
323
What is the remainder when 2277 is divided by 394?
307
What is the remainder when 223281 is divided by 1029?
1017
Calculate the remainder when 5690 is divided by 470.
50
Calculate the remainder when 35985 is divided by 404.
29
Calculate the remainder when 707 is divided by 53.
18
What is the remainder when 3210 is divided by 1064?
18
Calculate the remainder when 1862 is divided by 1840.
22
What is the remainder when 7542 is divided by 759?
711
What is the remainder when 33305 is divided by 11091?
32
What is the remainder when 872 is divided by 10?
2
Calculate the remainder when 9158 is divided by 76.
38
Calculate the remainder when 1843 is divided by 1828.
15
Calculate the remainder when 66316 is divided by 20.
16
Calculate the remainder when 1301 is divided by 123.
71
What is the remainder when 877028 is divided by 85?
83
Calculate the remainder when 9458 is divided by 1576.
2
Calculate the remainder when 3018895 is divided by 1283.
1279
What is the remainder when 829979 is divided by 54?
53
What is the remainder when 18846 is divided by 1509?
738
What is the remainder when 4950 is divided by 2463?
24
What is the remainder when 18168 is divided by 41?
5
Calculate the remainder when 149 is divided by 60.
29
What is the remainder when 368 is divided by 101?
65
Calculate the remainder when 29486 is divided by 924.
842
What is the remainder when 4841 is divided by 675?
116
What is the remainder when 117356 is divided by 39117?
5
Calculate the remainder when 30454 is divided by 1276.
1106
Calculate the remainder when 3156 is divided by 973.
237
What is the remainder when 999728 is divided by 10?
8
What is the remainder when 10400 is divided by 134?
82
What is the remainder when 104031 is divided by 1387?
6
What is the remainder when 411813 is divided by 205894?
25
Calculate the remainder when 175905 is divided by 67.
30
What is the remainder when 13022 is divided by 766?
0
Calculate the remainder when 2732 is divided by 52.
28
What is the remainder when 48137 is divided by 1301?
0
What is the remainder when 3251 is divided by 3215?
36
Calculate the remainder when 51435 is divided by 227.
133
Calculate the remainder when 501 is divided by 1.
0
Calculate the remainder when 26439 is divided by 2873.
582
Calculate the remainder when 42200 is divided by 4219.
10
What is the remainder when 2507 is divided by 84?
71
What is the remainder when 15273 is divided by 53?
9
What is the remainder when 2605 is divided by 1217?
171
What is the remainder when 7143 is divided by 514?
461
What is the remainder when 6037 is divided by 67?
7
Calculate the remainder when 23182 is divided by 168.
166
What is the remainder when 786 is divided by 389?
8
What is the remainder when 14317 is divided by 31?
26
What is the remainder when 402169 is divided by 11?
9
What is the remainder when 5239 is divided by 258?
79
Calculate the remainder when 19487 is divided by 260.
247
Calculate the remainder when 447 is divided by 409.
38
What is the remainder when 145 is divided by 71?
3
What is the remainder when 1908 is divided by 785?
338
What is the remainder when 11764 is divided by 981?
973
What is the remainder when 32823 is divided by 61?
5
What is the remainder when 1904 is divided by 699?
506
Calculate the remainder when 22031 is divided by 78.
35
What is the remainder when 3510 is divided by 699?
15
Calculate the remainder when 34152 is divided by 225.
177
Calculate the remainder when 30221 is divided by 332.
9
Calculate the remainder when 649217 is divided by 1135.
1132
Calculate the remainder when 1582 is divided by 1582.
0
What is the remainder when 28101 is divided by 71?
56
Calculate the remainder when 1894 is divided by 439.
138
What is the remainder when 3356 is divided by 517?
254
What is the remainder when 3169 is divided by 324?
253
What is the remainder when 4345689 is divided by 1252?
1249
Calculate the remainder when 34885 is divided by 2177.
53
Calculate the remainder when 1594 is divided by 395.
14
Calculate the remainder when 3052 is divided by 583.
137
Calculate the remainder when 9549 is divided by 818.
551
Calculate the remainder when 175365 is divided by 355.
350
What is the remainder when 370413 is divided by 48?
45
Calculate the remainder when 10199 is divided by 530.
129
Calculate the remainder when 487364 is divided by 41.
38
Calculate the remainder when 1003376 is divided by 13.
10
Calculate the remainder when 9653 is divided by 198.
149
Calculate the remainder when 3139 is divided by 198.
169
Calculate the remainder when 4067 is divided by 3965.
102
What is the remainder when 70803 is divided by 26?
5
What is the remainder when 44965 is divided by 1662?
91
Calculate the remainder when 1157 is divided by 816.
341
What is the remainder when 14360 is divided by 2391?
14
Calculate the remainder when 237744 is divided by 39623.
6
What is the remainder when 5518 is divided by 1358?
86
What is the remainder when 29994 is divided by 300?
294
Calculate the remainder when 344531 is divided by 13.
5
What is the remainder when 5085 is divided by 19?
12
Calculate the remainder when 3018883 is divided by 1929.
1927
What is the remainder when 56880 is divided by 201?
198
What is the remainder when 792 is divided by 11?
0
Calculate the remainder when 30651 is divided by 234.
231
What is the remainder when 74528 is divided by 46?
8
Calculate the remainder when 44269 is divided by 233.
232
What is the remainder when 19470 is divided by 160?
110
What is the remainder when 236 is divided by 145?
91
What is the remainder when 122045 is divided by 11094?
11
What is the remainder when 551434 is divided by 3?
1
What is the remainder when 15744 is divided by 18?
12
What is the remainder when 15880 is divided by 48?
40
Calculate the remainder when 11991 is divided by 235.
6
Calculate the remainder when 554446 is divided by 305.
261
What is the remainder when 62279 is divided by 153?
8
Calculate the remainder when 11758 is divided by 5879.
0
What is the remainder when 13669 is divided by 93?
91
Calculate the remainder when 8148 is divided by 1158.
42
Calculate the remainder when 23129 is divided by 86.
81
What is the remainder when 509518 is divided by 24?
22
What is the remainder when 1625 is divided by 22?
19
Calculate the remainder when 4136682 is divided by 35.
32
What is the remainder when 30208 is divided by 332?
328
Calculate the remainder when 8545 is divided by 171.
166
Calculate the remainder when 2030 is divided by 155.
15
Calculate the remainder when 10931 is divided by 13.
11
Calculate the remainder when 29510 is divided by 188.
182
What is the remainder when 296967 is divided by 542?
493
Calculate the remainder when 83077 is divided by 506.
93
Calculate the remainder when 89750 is divided by 169.
11
Calculate the remainder when 18340 is divided by 6105.
25
Calculate the remainder when 9975 is divided by 1618.
267
What is the remainder when 38813 is divided by 47?
38
Calculate the remainder when 11007 is divided by 733.
12
What is the remainder when 56621 is divided by 111?
11
What is the remainder when 28915 is divided by 60?
55
Calculate the remainder when 244947 is divided by 102.
45
What is the remainder when 2170 is divided by 645?
235
Calculate the remainder when 4558 is divided by 9.
4
Calculate the remainder when 2840 is divided by 